2 (base 8) to base 9
11
What is -b (base 15) in base 7?
-14
Convert -111 (base 3) to base 13.
-10
What is -2 (base 16) in base 4?
-2
-33 (base 13) to base 16
-2a
Convert -55 (base 9) to base 11.
-46
11 (base 3) to base 9
4
Convert 3 (base 4) to base 7.
3
Convert -2 (base 11) to base 6.
-2
Convert -191 (base 15) to base 9.
-441
What is -1f (base 16) in base 2?
-11111
-c (base 16) to base 9
-13
What is ad (base 15) in base 10?
163
What is -256 (base 9) in base 8?
-325
-19 (base 14) to base 16
-17
Convert 213 (base 4) to base 11.
36
What is -24 (base 11) in base 10?
-26
11 (base 2) to base 9
3
What is -5 (base 15) in base 12?
-5
What is -65 (base 10) in base 5?
-230
What is -4 (base 10) in base 8?
-4
4 (base 9) to base 7
4
3 (base 5) to base 4
3
What is -1100 (base 3) in base 2?
-100100
-2 (base 4) to base 2
-10
Convert -29 (base 12) to base 15.
-23
What is 1000010 (base 2) in base 12?
56
Convert -205 (base 6) to base 15.
-52
Convert -4 (base 16) to base 11.
-4
1 (base 12) to base 4
1
45 (base 7) to base 4
201
11010 (base 2) to base 8
32
What is -102 (base 9) in base 16?
-53
257 (base 12) to base 7
1015
Convert -230 (base 5) to base 7.
-122
1 (base 7) to base 14
1
Convert 7 (base 8) to base 16.
7
-102 (base 3) to base 6
-15
Convert 115 (base 6) to base 4.
233
8 (base 12) to base 7
11
What is -19 (base 14) in base 11?
-21
1 (base 3) to base 14
1
-22 (base 4) to base 11
-a
What is -3 (base 13) in base 8?
-3
What is 1 (base 11) in base 3?
1
What is 22 (base 8) in base 2?
10010
3 (base 8) to base 13
3
d8 (base 14) to base 11
163
Convert -58 (base 11) to base 10.
-63
What is 5 (base 12) in base 6?
5
11 (base 2) to base 15
3
What is -12 (base 10) in base 15?
-c
a9 (base 11) to base 16
77
What is -d (base 15) in base 10?
-13
34 (base 5) to base 10
19
What is -ac (base 13) in base 15?
-97
What is -310 (base 9) in base 6?
-1100
-111 (base 4) to base 8
-25
What is 3 (base 4) in base 13?
3
-3b (base 13) to base 8
-62
0 (base 3) to base 8
0
Convert 0 (base 12) to base 6.
0
Convert 107 (base 12) to base 2.
10010111
Convert -4 (base 13) to base 12.
-4
21 (base 3) to base 10
7
Convert 514 (base 6) to base 5.
1230
Convert 2 (base 5) to base 11.
2
Convert 6 (base 11) to base 6.
10
What is -31 (base 10) in base 15?
-21
What is 50 (base 9) in base 8?
55
16 (base 8) to base 10
14
-3 (base 8) to base 6
-3
What is 5 (base 15) in base 12?
5
What is 37 (base 10) in base 5?
122
What is 7 (base 10) in base 7?
10
39 (base 16) to base 5
212
Convert 5 (base 14) to base 16.
5
Convert 0 (base 14) to base 6.
0
What is d9 (base 16) in base 11?
188
-111 (base 2) to base 10
-7
-56 (base 12) to base 10
-66
Convert 140 (base 7) to base 16.
4d
1b (base 12) to base 9
25
Convert -11000 (base 2) to base 7.
-33
Convert -3 (base 13) to base 12.
-3
What is -2 (base 7) in base 14?
-2
What is 100 (base 4) in base 12?
14
-27 (base 15) to base 16
-25
What is 4 (base 10) in base 12?
4
Convert 12 (base 4) to base 6.
10
Convert 1012 (base 4) to base 2.
1000110
15 (base 10) to base 16
f
What is 335 (base 11) in base 15?
1bb
What is -1 (base 10) in base 2?
-1
-133 (base 10) to base 6
-341
-3a (base 12) to base 11
-42
-212 (base 7) to base 9
-128
Convert -122 (base 5) to base 15.
-27
What is 133 (base 4) in base 10?
31
What is 54 (base 8) in base 12?
38
-3 (base 15) to base 7
-3
Convert 3 (base 5) to base 13.
3
Convert -21 (base 6) to base 16.
-d
Convert -113 (base 5) to base 9.
-36
Convert 2 (base 9) to base 2.
10
Convert 10 (base 3) to base 7.
3
131 (base 9) to base 14
7b
11 (base 13) to base 12
12
Convert 0 (base 8) to base 14.
0
What is 17 (base 13) in base 12?
18
What is 15 (base 13) in base 14?
14
-3 (base 9) to base 3
-10
Convert -102 (base 6) to base 2.
-100110
Convert 3 (base 8) to base 13.
3
2 (base 15) to base 9
2
What is 3 (base 14) in base 2?
11
What is -3 (base 4) in base 8?
-3
41 (base 8) to base 14
25
-51 (base 6) to base 12
-27
What is -10 (base 16) in base 3?
-121
Convert 1 (base 14) to base 10.
1
-241 (base 6) to base 3
-10121
What is -1 (base 16) in base 3?
-1
What is -9 (base 11) in base 16?
-9
What is 5 (base 15) in base 14?
5
What is -33 (base 16) in base 5?
-201
What is -2 (base 12) in base 15?
-2
Convert -4 (base 14) to base 5.
-4
What is 110 (base 5) in base 8?
36
What is -4 (base 10) in base 13?
-4
1 (base 11) to base 8
1
1002 (base 3) to base 2
11101
What is -27 (base 9) in base 3?
-221
What is -300 (base 9) in base 3?
-100000
0 (base 11) to base 16
0
What is -40 (base 7) in base 11?
-26
Convert 10011111 (base 2) to base 8.
237
Convert -4 (base 16) to base 2.
-100
What is -1a (base 12) in base 16?
-16
Convert -11 (base 2) to base 15.
-3
What is -3 (base 7) in base 16?
-3
What is 19 (base 13) in base 11?
20
-10 (base 8) to base 2
-1000
-13 (base 10) to base 15
-d
Convert 6 (base 12) to base 9.
6
Convert 4 (base 10) to base 16.
4
What is 112102 (base 3) in base 5?
3024
Convert 4 (base 10) to base 9.
4
What is -3 (base 7) in base 8?
-3
What is -16 (base 10) in base 14?
-12
Convert 0 (base 5) to base 4.
0
What is 3 (base 5) in base 16?
3
Convert 3 (base 4) to base 6.
3
Convert -1 (base 16) to base 2.
-1
What is 47 (base 8) in base 13?
30
What is -2 (base 5) in base 15?
-2
What is -1 (base 5) in base 15?
-1
What is 51 (base 9) in base 4?
232
6 (base 9) to base 5
11
What is 1 (base 7) in base 8?
1
What is 43 (base 10) in base 9?
47
Convert -1 (base 12) to base 11.
-1
What is 8 (base 12) in base 11?
8
What is -11 (base 8) in base 16?
-9
51 (base 10) to base 11
47
-56 (base 16) to base 4
-1112
What is -3 (base 4) in base 11?
-3
What is 110 (base 2) in base 10?
6
6 (base 15) to base 5
11
Convert 10 (base 8) to base 15.
8
Convert -4 (base 7) to base 10.
-4
What is b0 (base 15) in base 4?
2211
What is -3 (base 7) in base 6?
-3
-15 (base 13) to base 10
-18
What is -514 (base 7) in base 2?
-100000000
-32 (base 5) to base 2
-10001
23 (base 9) to base 2
10101
101 (base 2) to base 12
5
Convert 6 (base 16) to base 10.
6
What is 111 (base 2) in base 11?
7
What is -3b (base 14) in base 16?
-35
2 (base 16) to base 13
2
Convert 36 (base 13) to base 15.
30
3 (base 9) to base 13
3
What is 6c (base 16) in base 13?
84
Convert 27 (base 8) to base 14.
19
-38 (base 14) to base 16
-32
20202 (base 3) to base 14
d0
221 (base 5) to base 7
115
13 (base 4) to base 5
12
Convert 1 (base 10) to base 12.
1
Convert e (base 15) to base 5.
24
-1 (base 4) to base 6
-1
What is -2 (base 14) in base 5?
-2
What is -1 (base 4) in base 7?
-1
3 (base 6) to base 3
10
Convert 11 (base 6) to base 5.
12
What is 0 (base 7) in base 12?
0
What is 49 (base 15) in base 10?
69
10 (base 5) to base 14
5
-141 (base 10) to base 8
-215
What is 18 (base 9) in base 7?
23
35 (base 14) to base 2
101111
What is 3a (base 11) in base 3?
1121
-214 (base 5) to base 15
-3e
What is 11 (base 3) in base 16?
4
Convert 83 (base 14) to base 8.
163
What is -6 (base 12) in base 9?
-6
What is 23 (base 4) in base 10?
11
What is 2c (base 15) in base 10?
42
Convert -1 (base 6) to base 5.
-1
Convert 24 (base 7) to base 13.
15
What is 3 (base 6) in base 15?
3
108 (base 9) to base 6
225
Convert -a (base 14) to base 6.
-14
What is -2 (base 9) in base 7?
-2
What is 111001 (base 2) in base 4?
321
What is 2 (base 15) in base 14?
2
39 (base 15) to base 12
46
What is -3 (base 9) in base 5?
-3
What is -14 (base 11) in base 4?
-33
What is 0 (base 15) in base 9?
0
Convert -12 (base 14) to base 11.
-15
What is -25 (base 10) in base 13?
-1c
What is 8 (base 12) in base 2?
1000
-87 (base 16) to base 5
-1020
Convert 1030 (base 6) to base 12.
176
Convert 40 (base 16) to base 6.
144
Convert -47 (base 8) to base 14.
-2b
What is -33 (base 8) in base 12?
-23
What is 4 (base 5) in base 3?
11
14 (base 9) to base 11
12
Convert -110 (base 4) to base 14.
-16
-25 (base 12) to base 5
-104
What is 150 (base 7) in base 12?
70
What is 24 (base 5) in base 11?
13
What is 11 (base 16) in base 5?
32
-3 (base 16) to base 2
-11
-2 (base 3) to base 11
-2
Convert 42 (base 16) to base 2.
1000010
-10 (base 5) to base 7
-5
Convert -9 (base 12) to base 10.
-9
What is -1110000 (base 2) in base 11?
-a2
Convert -b (base 12) to base 5.
-21
Convert 1 (base 8) to base 15.
1
What is -3 (base 13) in base 7?
-3
What is 0 (base 10) in base 7?
0
Convert 1 (base 16) to base 13.
1
10 (base 6) to base 2
110
